
In base 5, what is -3 - -314?
311
In base 2, what is -100000 + 100?
-11100
In base 9, what is -24874 - -5?
-24868
In base 14, what is 33 + -16?
1b
In base 15, what is 19 + 2a?
44
In base 5, what is -4 - 12?
-21
In base 7, what is 416 - -23?
442
In base 12, what is 470 + 4?
474
In base 15, what is 2 - 333?
-331
In base 4, what is -110 - -112?
2
In base 7, what is 3 + -1203?
-1200
In base 10, what is -2 - 129?
-131
In base 5, what is 144 - 220?
-21
In base 16, what is 3 - e6?
-e3
In base 2, what is 111010111111 - -100?
111011000011
In base 8, what is -20 + 275?
255
In base 15, what is a + -4?
6
In base 7, what is -3 + 20132?
20126
In base 16, what is -e3 + -b?
-ee
In base 4, what is -1 - 2013?
-2020
In base 14, what is -2 + 13b?
139
In base 14, what is 1788 - 0?
1788
In base 7, what is -5 + 122?
114
In base 13, what is ba - 1?
b9
In base 9, what is -263 + 5?
-257
In base 8, what is -5 + 54?
47
In base 16, what is -1 + -2d?
-2e
In base 14, what is -c0 + 3?
-bb
In base 14, what is 3 - -397?
39a
In base 5, what is -224 - -103?
-121
In base 12, what is 0 - -a91?
a91
In base 2, what is 110010001000101 + -1?
110010001000100
In base 8, what is -1 + 10?
7
In base 3, what is 100 - 100?
0
In base 2, what is 1001 + 1000100?
1001101
In base 7, what is -5 + 66?
61
In base 9, what is 24341 + -1?
24340
In base 12, what is -146 - 5?
-14b
In base 11, what is -a9 + 21?
-88
In base 9, what is -7367 - 0?
-7367
In base 3, what is -10101 + 120?
-2211
In base 4, what is -3 + -1002?
-1011
In base 8, what is 1 - 1020?
-1017
In base 4, what is -1202 + -2232?
-10100
In base 14, what is -19c - -4?
-198
In base 7, what is -51136 + 5?
-51131
In base 8, what is -4 - -212?
206
In base 9, what is 45 + 82?
137
In base 7, what is 3 + -16?
-13
In base 7, what is 14 + 45?
62
In base 2, what is -1101111101101000 + 100?
-1101111101100100
In base 13, what is 1c - 3?
19
In base 6, what is 2 - -1455?
1501
In base 7, what is -242 + 5?
-234
In base 11, what is -1a5 + -2?
-1a7
In base 8, what is -3 + -25?
-30
In base 16, what is -3 + 13d?
13a
In base 4, what is 21203 - 13?
21130
In base 13, what is -5 - 7?
-c
In base 11, what is -4 + 2265?
2261
In base 5, what is 4 - -221?
230
In base 14, what is 2 - -94a?
94c
In base 12, what is -2 - -372b?
3729
In base 14, what is 8d - 3?
8a
In base 7, what is 1 - 316?
-315
In base 10, what is 28 - -65?
93
In base 9, what is -5 + 1627?
1622
In base 12, what is -b49 - -2?
-b47
In base 4, what is -32213 - 0?
-32213
In base 5, what is 1 - -1133?
1134
In base 3, what is 1011 - 10?
1001
In base 5, what is -2 + -133?
-140
In base 4, what is -1031 - 11?
-1102
In base 14, what is 26 - 1?
25
In base 15, what is -1 + -2797?
-2798
In base 8, what is 2 + -120?
-116
In base 16, what is -2 - 11?
-13
In base 6, what is 5 + -150?
-141
In base 13, what is -197c - 2?
-1981
In base 16, what is -111 + -4?
-115
In base 11, what is 413 - 13?
400
In base 2, what is 10100001110 - 0?
10100001110
In base 11, what is 125 - -28?
152
In base 7, what is 11 + -224?
-213
In base 15, what is -7c9 + 5?
-7c4
In base 16, what is 194 + -2?
192
In base 7, what is 3 - 633?
-630
In base 14, what is -17 - 3?
-1a
In base 3, what is 11 + -222?
-211
In base 4, what is -12010 - -3?
-12001
In base 2, what is -1 + 111001?
111000
In base 12, what is 120 + -6?
116
In base 14, what is -4 - -1265?
1261
In base 11, what is 577 - 1?
576
In base 2, what is 11 + -11011001011?
-11011001000
In base 8, what is -40 + -3?
-43
In base 5, what is 13 - 1323?
-1310
In base 7, what is 11 + -563?
-552
In base 14, what is -4 + -4a?
-50
In base 10, what is 7 + -184?
-177
In base 10, what is -6 - -77?
71
In base 7, what is 11 - 11?
0
In base 5, what is 4024 - -4?
4033
In base 3, what is 100 + -1021212?
-1021112
In base 4, what is -11 + 203?
132
In base 4, what is 2230 + 1?
2231
In base 13, what is c1 + 1?
c2
In base 6, what is -1 - 3012?
-3013
In base 11, what is -1 - 14?
-15
In base 14, what is 4 - 232?
-22c
In base 3, what is -22 - 1122?
-1221
In base 16, what is -79 + 4?
-75
In base 10, what is -2281 - -2?
-2279
In base 15, what is 29e - -5?
2a4
In base 13, what is -31 - 1a?
-4b
In base 3, what is -1 + -10022?
-10100
In base 4, what is 11 - -10313?
10330
In base 14, what is 2 + 4a?
4c
In base 13, what is -353 + 1?
-352
In base 5, what is 4 + -1142?
-1133
In base 12, what is 1 - -906?
907
In base 10, what is 0 + 2735?
2735
In base 7, what is 2 - -213?
215
In base 10, what is 168 + 16?
184
In base 7, what is 405 - 0?
405
In base 2, what is 10 + 1001101?
1001111
In base 12, what is 3 + -46?
-43
In base 9, what is -60 + -5?
-65
In base 12, what is -48 - 122?
-16a
In base 7, what is -33 - -466?
433
In base 9, what is -22 + 24?
2
In base 16, what is f + 19?
28
In base 3, what is 120 - -12101?
12221
In base 7, what is 5355 + 2?
5360
In base 10, what is 367 - -4?
371
In base 14, what is 17 - 1ad?
-196
In base 5, what is 12400 + 4?
12404
In base 4, what is 2 + -322110?
-322102
In base 8, what is 0 - -452?
452
In base 8, what is 1306 - -2?
1310
In base 3, what is 1100 - 112111?
-111011
In base 8, what is -123 - 16?
-141
In base 11, what is 22 + 400?
422
In base 10, what is 18 + -472?
-454
In base 9, what is 22 - 37?
-15
In base 6, what is -544 + 255?
-245
In base 2, what is -10000 - 0?
-10000
In base 6, what is -53210 - 1?
-53211
In base 14, what is 3 + 5c?
61
In base 10, what is 32 - 12?
20
In base 9, what is 3 + -2564?
-2561
In base 16, what is 4 - 2a?
-26
In base 15, what is 2 - 67?
-65
In base 8, what is -41 + -6?
-47
In base 12, what is -3095 - 0?
-3095
In base 6, what is -45 - -4?
-41
In base 16, what is -1d3c + 5?
-1d37
In base 5, what is -3 + 413?
410
In base 16, what is d + -12?
-5
In base 3, what is -101102 + -1?
-101110
In base 7, what is 14245 + 2?
14250
In base 8, what is -152 + -1?
-153
In base 11, what is -2 - -75?
73
In base 14, what is -1b - 55?
-72
In base 13, what is 6 + 16?
1c
In base 2, what is 100 + 110010001001?
110010001101
In base 15, what is b + -8e4?
-8d8
In base 5, what is 3 + 301?
304
In base 5, what is 1 + 1021?
1022
In base 10, what is 5 - -5509?
5514
In base 15, what is -5b - 14?
-70
In base 8, what is 6 - 312?
-304
In base 4, what is 12201 - 11?
12130
In base 2, what is 10111011 - -101?
11000000
In base 6, what is 100523 + -1?
100522
In base 12, what is -1 + -86?
-87
In base 11, what is 4 - 33?
-2a
In base 13, what is 1 + -14cc?
-14cb
In base 6, what is 132 + 24?
200
In base 7, what is -213 + 10?
-203
In base 14, what is -1a + -c?
-28
In base 6, what is -4 - -54?
50
In base 2, what is -110011 - -110001?
-10
In base 12, what is -3b - 0?
-3b
In base 8, what is 4 + 225?
231
In base 15, what is -6 - 5a?
-61
In base 14, what is 5 + -824?
-81d
In base 15, what is -e8c - 5?
-e92
In base 7, what is 3 - -266?
302
In base 4, what is -10102 + 10?
-10032
In base 11, what is -2 - 73?
-75
In base 6, what is -11021 + 3?
-11014
In base 3, what is 200 - -1?
201
In base 4, what is -20 + 203?
123
In base 4, what is -31023 - 10?
-31033
In base 15, what is -2 - 6d?
-70
In base 9, what is -3 - 3574?
-3577
In base 5, what is -1 - -23?
22
In base 11, what is 5 + -6?
-1
In base 10, what is -2 - -3?
1
In base 6, what is 130 - 200?
-30
In base 16, what is -297 - -3?
-294
In base 4, what is 31 - -10023?
10120
In base 14, what is -735 - a?
-741
In base 5, what is 223 + 4?
232
In base 15, what is -396 - 1?
-397
In base 12, what is -985 + 5?
-980
In base 11, what is 9 - 5?
4
In base 13, what is 1903 + -5?
18cb
In base 4, what is 10 - -11103?
11113
In base 11, what is -4 + 43?
3a
In base 9, what is 10 - -168?
178
In base 9, what is 0 - 604?
-604
In base 6, what is -12 + -532?
-544
In base 6, what is -2054 - 2?
-2100
In base 4, what is -2 - -20213?
20211
In base 16, what is 4 - -ffc?
1000
In base 3, what is -1 - 101121?
-101122
In base 2, what is -100 + -1001001?
-1001101
In base 11, what is 1aa8 - 4?
1aa4
In base 11, what is 2 + -589?
-587
In base 9, what is 486 + -20?
466
In base 16, what is -10 - a0?
-b0
In base 6, what is 1 + 125?
130
In base 6, what is 1 + -204?
-203
In base 11, what is a2 + -1?
a1
In base 10, what is -3 - -60?
57
In base 7, what is 635 + -4?
631
In base 13, what is -703 - -1?
-702
In base 10, what is 5 - 601?
-596
In base 7, what is -21033 + 5?
-21025
In base 5, what is 13 + 2?
20
In base 12, what is